n)*26?
1
Suppose 2*l - 16 + 58 = 0. Let j(k) = -2*k + 11. What is the units digit of j(l)?
3
Suppose 44 - 158 = -3*v. Let r = v - 18. Let w = r + -11. What is the units digit of w?
9
What is the tens digit of 2 + 11/((-77)/(-1512))?
1
Suppose k = -2*k + 12, 2*j - 74 = 4*k. Suppose -59 = -w + j. What is the hundreds digit of w?
1
Let d(n) = n**3 + 8*n**2 + 9*n - 1. Let i be d(-6). Let v = i - -287. What is the tens digit of v?
0
Let f = 470 + -56. Suppose 3*n = 2*c - f, n - 701 - 368 = -5*c. What is the units digit of c?
3
Let g(u) = 8 - 1 - 6*u + 2 - 3. What is the units digit of g(-6)?
2
Let w be 3*(-2)/3 + 5. Let x(f) = 11*f. Let n be x(w). Suppose -s = -q - 5 - 9, -2*s = -3*q - n. What is the units digit of s?
9
Suppose -25 = -5*q - 5*j, 3*q - 2*j = -j + 27. Suppose 0 = 3*h - 7*h + q. Suppose -24 = -3*n - 3*d, 2*d + 8 + 0 = h*n. What is the units digit of n?
6
Let u be (-12)/4 - -7 - 1. Suppose -2*r = -u - 5. Suppose 2*t = 5*z + 85, -r*t - z + 102 = -t. What is the tens digit of t?
3
Let v be (-45694)/(-33) + (-2)/(-6). Suppose 5*l - v = -5*r, 307 = l - 0*l - 5*r. What is the tens digit of (-8)/28 + l/7?
4
Let l = -24 - -300. Suppose l = -7*d + 8*d. What is the units digit of d?
6
Suppose 4*b - 2*o = -6*o + 2272, -2*b = o - 1133. What is the hundreds digit of b?
5
Suppose 10282 + 12098 = 15*f. What is the thousands digit of f?
1
Let v(f) = 19*f**3 + 9*f**2 - 52*f + 5. What is the hundreds digit of v(5)?
3
Suppose 0*c = 5*c + w - 40, -3*w - 13 = -4*c. Let m be (-390)/(-42) - 1*(-8)/(-28). Suppose -c = -4*o + m. What is the units digit of o?
4
What is the tens digit of 1924/65 + 1*(-2)/(-5)?
3
Suppose 0 = -13*t + 246 + 313. What is the tens digit of t?
4
Let w = -35 - -111. Suppose -4*f = -64 - w. What is the tens digit of f?
3
Suppose -8*f + 788 + 2692 = 0. Let j = f + -265. What is the tens digit of j?
7
Suppose -2*d + 0*d = -14. Suppose 0 - d = -r. Suppose w - r = 2*l, -2*w - w + 27 = -4*l. What is the tens digit of w?
1
Let i = 1 + 5. What is the tens digit of ((-1050)/(-45))/(2/i)?
7
Let g(k) = 3*k + 22. Let z be g(-6). Suppose -3*h + 4*m + 84 = 0, -112 = -0*h - z*h + 5*m. What is the tens digit of h?
2
Let c be ((10/(-4))/5*0)/4. Let w = c + 139. What is the tens digit of w?
3
Let a(m) = -9*m**3 - 2*m**2 + 1. Let k be a(-2). Suppose -6*p = -7*p + k. What is the units digit of p?
5
Let l be (-935)/(-34) - (-1)/2. Let c = l - 2. What is the units digit of c?
6
Suppose 1479 = 4*q + 283. What is the units digit of q?
9
Suppose 0 = -4*p + 2*w + 4740, 10*w = 4*p + 7*w - 4736. What is the thousands digit of p?
1
Let c = 61 + 112. What is the units digit of c?
3
Let z be ((-16)/(-20))/(4/190). Let i = z + -21. What is the tens digit of i?
1
What is the hundreds digit of 0 + (-12)/(-30)*7045?
8
Let a = 8 - 10. What is the units digit of (-7 + 4)/(a/24)?
6
Let p(s) = s + 12. Let g be p(-5). Suppose -g*f + 159 = -100. What is the tens digit of f?
3
Suppose 4*z - 346 = 1238. Suppose 2*s = 2*m + 2*m - z, 5*m + s = 509. What is the tens digit of m?
0
Suppose -4*a - 5*c = -0*c - 2, -7 = a + 5*c. Suppose -a*y - 3 = -150. What is the tens digit of y?
4
Suppose 4*y + 3*f = 15, 0*f = 3*f - 15. Suppose -x - 3*r + 26 = y, -r + 4*r - 15 = 0. What is the units digit of x?
1
Suppose -3*r + 110 = 3*n - 16, r - 42 = 3*n. Let x = -24 - -17. What is the units digit of (-46)/(-12) - x/r?
4
Let l be (-3985)/(-15) - (-2)/(-3). Let i = l + -36. What is the hundreds digit of i?
2
Let o(l) = -34*l - 52. What is the tens digit of o(-9)?
5
Suppose 160 = 9*g - 5*g - 4*o, 176 = 5*g + o. What is the units digit of g?
6
Suppose 0 = 3*f - 5*r - 23, 2*f - 2*r = 1 + 9. What is the tens digit of 213*(-3)/(-9) + f?
7
Suppose -73762 = -20*m - 20222. What is the thousands digit of m?
2
Suppose 2663 + 2173 = 6*q. Suppose -1122 - q = -8*g. What is the tens digit of g?
4
Suppose -k + 5*o + 19 + 52 = 0, 2*k - 3*o - 142 = 0. What is the units digit of k?
1
Suppose -76 = -3*z + 1211. What is the tens digit of z?
2
Let h(y) = -y**3 + 15*y**2 + 10*y + 3. What is the units digit of h(11)?
7
What is the units digit of ((-6)/(-5))/(21/70)?
4
What is the units digit of 3/42*-2 - 19158/(-42)?
6
Let m be (-4635)/39 + (-12)/78. Let h = -54 - m. What is the tens digit of h?
6
Let t(r) = r**2 - r - 96. Let l be t(10). Suppose -2*j = -2*a - 0*j + 2, -1 = 4*a + j. What is the tens digit of (-28)/l*(a + 9)?
4
Let l(j) = -2*j**2 + 16*j + 6. Let s(b) = b**2 - 8*b - 3. Let a(m) = -6*l(m) - 13*s(m). What is the units digit of a(7)?
0
Let j = -5244 - -7773. What is the thousands digit of j?
2
Suppose h - 7*d - 624 = -8*d, h = 2*d + 627. What is the units digit of h?
5
Let y = 45 - -13. What is the hundreds digit of y/(-145) + (-787)/(-5)?
1
Let d(u) = -16*u - 10. Let k be d(-8). Let n be (((-1120)/(-30))/(-8))/(2/(-9)). Suppose -n*t = -19*t - k. What is the tens digit of t?
5
Let h(r) = -r**3 + 15*r**2 + 3*r + 6. Let u = -11 - -26. Let m be h(u). Suppose 0 = 3*f - 33 - m. What is the tens digit of f?
2
Suppose -5*b - 11*v + 2140 = -16*v, 2 = -v. What is the tens digit of b?
2
Let d = 151 - 105. Let x = d + -33. Suppose 16*j = x*j + 42. What is the units digit of j?
4
Suppose 22*t + 5279 = 54031. What is the thousands digit of t?
2
Let x = 5712 - 3013. What is the hundreds digit of x?
6
Let k(s) = -s + 16. Let u be k(11). Let g be (3/5)/(u/75). What is the tens digit of -3 + g + -3 - -8?
1
Let d be (-4*(-1)/(-2))/(2/(-4)). Suppose 5 = -5*s, 5*l = l + d*s + 300. What is the units digit of l?
4
Suppose 3*o = 5*o - w - 457, -2*o = 4*w - 432. What is the tens digit of o?
2
Let r(n) = -n**3 + 23*n**2 + 5*n + 44. What is the hundreds digit of r(23)?
1
Suppose 0 = 4*v - 2*v + 4*d + 76, -2*d = -3*v - 90. Let r be 336/10 - v/80. Let b = -21 + r. What is the tens digit of b?
1
Let i be 3/3 + (-3 - -2)*-1. Suppose -i*w + 229 = 23. What is the units digit of w?
3
Suppose 3*x + 15 = 0, -5*w - 4*x - 160 = -2*x. Let i = -23 - w. What is the units digit of i?
7
Suppose 3*t - 4 + 13 = 0. What is the units digit of (t + (0 - 0))*(-110)/3?
0
Suppose -2*f + 12 = -6*f. What is the tens digit of (50 - (f + 6)) + (-6)/2?
4
Let p = 75 - 73. Suppose -p*n + 4*b = -360 - 0, 3*n = -2*b + 508. What is the units digit of n?
2
Let i(v) = 53*v + 144. What is the tens digit of i(4)?
5
Suppose -5*u = -3*h + 7*h - 1174, 0 = u + 3*h - 226. Suppose 3 = -3*a + 6*a, -2*a = -4*m + u. What is the tens digit of m?
6
Suppose -905 = -2*g - z, -g + 430 = -0*g + 5*z. What is the hundreds digit of g?
4
Let b = 17 + -11. Suppose -9 = -5*z + b. Suppose -z*f + 16 = -17. What is the units digit of f?
1
Let j(w) = -w**2 + 9*w + 10. Let q be j(8). Suppose 20 = q*k - 13*k. What is the units digit of k?
4
Let y = -579 + 4972. What is the hundreds digit of y?
3
Let a(r) be the first derivative of r**5/20 - 3*r**4/4 + 2*r**3 - r**2 - 8*r - 6. Let y(d) be the first derivative of a(d). What is the units digit of y(8)?
0
Let a = -65 + 62. What is the hundreds digit of (-474)/a - (-7 - -2)?
1
Let z be (3 - 99/12)*-8. Let q be 3/(-2) - z/(-28). Suppose -t = -4*m - q*t + 220, 0 = -5*m - t + 284. What is the tens digit of m?
5
Let x be 2/(0/(-3) - -2). What is the tens digit of x/(-2) - (-975)/26?
3
Suppose 2*w - 5*g - 2254 = 0, -w + 3*g + 1117 = -2*g. What is the units digit of w?
7
Suppose 15*u = 2024 + 13876. What is the tens digit of u?
6
Let p = 1212 + -49. What is the thousands digit of p?
1
Let i = 3484 + 486. What is the thousands digit of i?
3
Suppose -a - 2*m + 98 = 0, a = 4*m - 3*m + 92. What is the tens digit of a?
9
Let o = -2684 + 4955. What is the thousands digit of o?
2
What is the hundreds digit of -4 - 1/2*(6 - 1012)?
4
Let g(c) = -387*c + 474. What is the hundreds digit of g(-5)?
4
Let b be (42/35)/(9/30). Suppose 4*v = -5*o + 103, -o = b*v - 58 - 49. What is the units digit of v?
7
Let l = -55 + 308. Suppose -4*g = -4*v - 196, g - 6*g - 3*v = -l. Let h = g - 8. What is the units digit of h?
2
Let l(n) = -n + 4 - 2 + 0*n. Let u be l(-3). Suppose -u*t = i + i - 39, 3 = t. What is the tens digit of i?
1
Let d(u) = -2*u**2 + 47*u - 90. Let v(k) = -3*k**2 + 71*k - 135. Let i(t) = -7*d(t) + 5*v(t). What is the units digit of i(19)?
8
Suppose -50 = 4*x + 2*t - 670, -2*x = 5*t - 318. Let d = -101 + x. What is the units digit of d?
3
What is the hundreds 